91150808?
3
Calculate the greatest common factor of 30299 and 4483022.
41
What is the highest common divisor of 176964468 and 5882?
346
Calculate the greatest common factor of 5796 and 19120797.
207
What is the greatest common factor of 32 and 8055056?
16
What is the greatest common divisor of 1620 and 267948?
324
Calculate the highest common divisor of 478900131 and 3.
3
Calculate the highest common divisor of 4527805 and 122615.
895
What is the highest common divisor of 29321 and 472902?
269
What is the highest common divisor of 1463 and 512449?
133
What is the greatest common divisor of 297361 and 2266?
103
What is the greatest common factor of 7525374 and 18600?
186
What is the highest common divisor of 28348537 and 595?
119
What is the highest common divisor of 1111 and 2097871?
101
Calculate the highest common factor of 570 and 99024010.
190
Calculate the highest common factor of 15417864 and 924.
924
Calculate the greatest common factor of 9 and 38276397.
9
Calculate the highest common divisor of 8824812 and 2364.
2364
What is the greatest common divisor of 715 and 449626320?
715
What is the greatest common factor of 891298217 and 37?
37
Calculate the highest common divisor of 6054528 and 3424.
32
What is the greatest common divisor of 60150 and 115350?
150
Calculate the greatest common divisor of 132 and 1045765347.
33
Calculate the highest common factor of 6875 and 923725.
275
Calculate the highest common divisor of 21551 and 72818.
23
Calculate the highest common divisor of 198711177 and 42.
21
What is the highest common factor of 1391 and 5900729?
107
Calculate the highest common factor of 182 and 525854.
14
Calculate the greatest common factor of 64392 and 41527474.
5366
Calculate the greatest common factor of 1626512 and 4897.
59
Calculate the highest common factor of 667713232 and 65779.
9397
What is the greatest common divisor of 28964628 and 2430?
486
What is the greatest common factor of 678324 and 3996?
12
What is the highest common divisor of 65102 and 146723254?
1514
Calculate the greatest common factor of 315 and 3195369.
9
What is the highest common divisor of 2560326 and 136974?
222
Calculate the greatest common factor of 64 and 4454777024.
64
Calculate the greatest common divisor of 54648041 and 7.
7
Calculate the highest common factor of 1012 and 325397468.
1012
What is the greatest common divisor of 42891 and 18309?
51
What is the highest common divisor of 56 and 2562854?
14
Calculate the highest common factor of 1934346 and 19210566.
14766
What is the highest common divisor of 17000337 and 764?
191
What is the highest common divisor of 845362536 and 102?
102
What is the greatest common factor of 1675500 and 150?
150
What is the highest common factor of 743 and 282480427?
743
What is the greatest common divisor of 18458 and 459778?
22
Calculate the greatest common factor of 4 and 17139169.
1
Calculate the highest common divisor of 120933 and 190173861.
13437
Calculate the highest common divisor of 2210 and 332917.
13
Calculate the greatest common divisor of 25549890 and 186.
186
What is the greatest common divisor of 370 and 982840?
10
Calculate the highest common divisor of 146180861 and 32244.
2687
Calculate the greatest common divisor of 153 and 1176868503.
153
Calculate the highest common divisor of 2749481 and 3831487.
7411
Calculate the greatest common factor of 16 and 63347288.
8
What is the greatest common divisor of 40 and 23807155?
5
What is the greatest common divisor of 1616 and 82436806?
202
What is the highest common factor of 248114 and 21353?
131
Calculate the greatest common factor of 27 and 278493543.
9
What is the highest common divisor of 2592 and 131976?
216
What is the greatest common divisor of 22582028 and 106?
106
What is the highest common factor of 9 and 233013?
3
What is the highest common divisor of 487508 and 2283624?
644
What is the highest common divisor of 20 and 95631248?
4
Calculate the greatest common factor of 1035 and 1869840.
45
Calculate the greatest common factor of 117476 and 2875668.
172
Calculate the highest common factor of 14378 and 28820148.
1106
Calculate the highest common divisor of 1804 and 748924.
44
Calculate the greatest common divisor of 23247401 and 4963.
709
What is the greatest common divisor of 293927 and 9861?
173
What is the highest common factor of 281868 and 10707?
249
What is the highest common factor of 25 and 570154950?
25
Calculate the highest common factor of 19765 and 189095.
295
Calculate the greatest common divisor of 1749066 and 154.
22
Calculate the highest common factor of 4791268 and 532.
76
What is the greatest common factor of 5532 and 603860212?
1844
What is the greatest common divisor of 57 and 60287?
19
What is the greatest common factor of 77 and 10087994?
7
What is the greatest common factor of 90563880 and 314?
314
What is the highest common divisor of 12490025 and 6825?
25
Calculate the greatest common divisor of 168676 and 1814.
2
Calculate the greatest common factor of 237894 and 214458.
186
Calculate the greatest common factor of 5902 and 10928234.
454
Calculate the highest common factor of 73216482 and 124.
62
What is the greatest common divisor of 3970452260 and 985?
985
Calculate the greatest common factor of 414775 and 1985.
5
What is the greatest common divisor of 509665 and 2535?
65
What is the highest common divisor of 444096275 and 12985?
1855
Calculate the highest common factor of 12879 and 453150.
477
Calculate the highest common divisor of 53757 and 5769.
9
Calculate the highest common factor of 155167460 and 5815.
5815
Calculate the highest common divisor of 17887842 and 1193.
1193
What is the greatest common divisor of 160930 and 2619568?
266
What is the greatest common divisor of 23 and 327576373?
23
Calculate the highest common divisor of 23765382 and 512604.
8838
Calculate the highest common divisor of 42999112 and 32280.
2152
Calculate the highest common divisor of 116 and 977437228.
116
What is the greatest common factor of 1019616 and 4224?
96
What is the greatest common divisor of 27 and 9564939?
27
Calculate the greatest common factor of 2319 and 347077.
773
Calculate the greatest common divisor of 107683797 and 663.
663
Calculate the greatest common divisor of 3375 and 159101775.
225
What is the highest common factor of 5159 and 487291?
469
What is the highest common divisor of 142071161 and 92?
23
What is the highest common factor of 14944 and 1815584?
32
What is the highest common factor of 192106187 and 26?
13
Calculate the greatest common factor of 38136 and 285320.
56
Calculate the greatest common factor of 942823 and 2296.
7
What is the highest common factor of 9684 and 303620300?
1076
What is the highest common factor of 58192904 and 476?
476
What is the greatest common factor of 114239800 and 10?
10
What is the greatest common factor of 9642680 and 2120?
40
Calculate the highest common factor of 287043760 and 3180.
1060
What is the highest common divisor of 155341 and 6824982?
5011
Calculate the greatest common divisor of 118040 and 942110.
130
Calculate the greatest common factor of 156456820 and 2132.
2132
What is the greatest common factor of 293407113 and 69?
69
What is the highest common factor of 92451428 and 45856?
5732
Calculate the highest common factor of 663 and 418812.
51
Calculate the highest common divisor of 1475 and 715997450.
1475
Calculate the greatest common divisor of 95794 and 64566.
422
What is the highest common divisor of 74 and 44576342?
74
Calculate the greatest common factor of 50 and 367847320.
10
Calculate the greatest common divisor of 2587 and 134108.
13
Calculate the greatest common factor of 48 and 12231666.
6
What is the highest common factor of 688820 and 7793555?
1705
What is the greatest common divisor of 666596209 and 2698?
1349
What is the greatest common divisor of 687463 and 51?
17
Calculate the highest common divisor of 50 and 61680350.
50
Calculate the greatest common factor of 4714654 and 4.
2
Calculate the greatest common factor of 236593 and 27179026.
3241
Calculate the highest common factor of 1871100 and 231.
231
What is the greatest common divisor of 480 and 864971520?
480
What is the highest common factor of 127 and 198595996?
127
What is the highes